 (12/(-14))/((-33)/154). Suppose -q*s - s - h = -28, 5*s - 40 = -5*h. Calculate the remainder when 49 is divided by s.
4
Let v = -5570 - -5967. What is the remainder when v is divided by 208?
189
Suppose r = 2*r - 4*i + 509, 3*r + 3*i + 1557 = 0. Let b = -418 - r. Calculate the remainder when 393 is divided by b.
96
Let s be (-1)/1 + (-140 - 5 - -7). Let q = s - -145. What is the remainder when q is divided by 3?
0
Let s be (20/(-35))/((-2)/21). What is the remainder when (4/s)/(24/2700) is divided by 10?
5
What is the remainder when 216/(-60)*((-235)/15 + -6) is divided by -4*-2*3/6?
2
Suppose q - 3*q - 2*l = 0, l = -2*q. Suppose 3*d + 5*t - 723 - 279 = q, 5*d = -2*t + 1689. Calculate the remainder when d is divided by 11.
9
Let s be (-1869)/1*9/(-135)*5. What is the remainder when (-4)/(-26) + 2 + s/91 is divided by 3?
0
Suppose 11 = 5*k + 41, 2*y + 3*k = 2. What is the remainder when 4017 is divided by y?
7
Suppose 19*a - 22234 + 16659 - 30582 = 0. Calculate the remainder when 1922 is divided by a.
19
Suppose -6*s - 31 = 5*x - 10*s, -s = -4. What is the remainder when (x + 6)*2*537/18 is divided by 65?
49
Let i(r) = -r**3 - 7*r**2 - 22*r - 130. What is the remainder when 95 is divided by i(-7)?
23
What is the remainder when 6366 is divided by (6/10 + (-418)/55)*-14?
94
Suppose 10*p - 5*p - w - 13 = 0, 3*w = -p + 9. Suppose -8*q + y = -p*q - 124, q + 3*y - 28 = 0. Calculate the remainder when 61 is divided by q.
11
Let m(g) = 17*g + 1. Let l(c) = 3*c**2 + 5*c - 8. Let w(v) = v**2 - 4*v + 5. Let y be w(1). Calculate the remainder when m(3) is divided by l(y).
10
Suppose -3*z + 0*z = -54. Suppose 3*x = -j + 93, -x = -9*j + 14*j - 535. Let v = 194 - j. What is the remainder when v is divided by z?
14
Suppose y - 4*b - 928 = 0, -4*y + 2*y - b = -1901. Suppose 5*z = 17*z - y. Calculate the remainder when z is divided by 6.
1
Suppose 5*c - 5*j = 85, -2*c - j = 3*j - 10. Let t(h) = h**2 + 7*h - 190. Calculate the remainder when t(c) is divided by 9.
7
Suppose 5*s + 3*t = 8, -3*t - 20 + 12 = s. What is the remainder when 12749 is divided by s?
1
Suppose 16*b - 8092 + 4846 - 8834 = 0. What is the remainder when b is divided by 149?
10
What is the remainder when 1365 is divided by (4/(-18))/((-32572)/(-10863) + -3)?
87
Suppose 0 = -2*c + 4, -c = 3*k + 3*c + 379. Let x = k + 72. Let y = -36 - x. What is the remainder when y is divided by 13?
8
Suppose -t = 3*o - 132, 0 = 5*o - 3*t + 7 - 199. What is the remainder when 572 is divided by o?
26
What is the remainder when (15883 - 15) + (1 - 17) is divided by 21?
18
Suppose 0 = -2*b + 2*l + 82, -500*l = -499*l + 1. Suppose 0*u = -u + 118. What is the remainder when u is divided by b?
38
Let p(f) = -4854*f - 72746. Suppose -r = -6*r + 2235. Calculate the remainder when r is divided by p(-15).
63
Suppose -12*t + 5*t - 21 = 0. Let a be t - ((-3 - -7 - 2) + -3). What is the remainder when 117 is divided by (-6 + 21)/(a/(-4) - 0)?
27
Suppose h = -45*h + 13662. Suppose -291*m - 54 = -h*m. What is the remainder when m is divided by 7?
2
Let j be ((4/(-3))/1)/((-224)/2184). Suppose 0 = j*d - 22*d + 450. Calculate the remainder when 73 is divided by d.
23
Suppose 2*a - 1 = 25. Let r = -3310 - -3321. Calculate the remainder when a is divided by r.
2
Let h(g) = g**3 + 12*g**2 + 2*g - 5. Let n be 42/(-15) - (-2)/(40/(-4)). What is the remainder when h(n) is divided by 42?
28
Let l = 1 + 1. Suppose -3*j + 32 = -l*x - 372, 3*x = 15. Calculate the remainder when j is divided by (-55 + -1)/(-22*36/396).
26
Suppose 5*x = -7*j + 891, 88 + 533 = 5*j + x. What is the remainder when 345 is divided by j?
99
What is the remainder when 16 + -12 - (-58 - 1) is divided by 22?
19
Suppose 5*x - 29 = 5*m - 79, -3 = -3*x. Suppose 4*h - 4*a = -8*a + 2976, -5*h + 5*a = -3740. What is the remainder when h is divided by m?
9
What is the remainder when (-12175)/(-60) + 43/516 is divided by 54?
41
Suppose 692*n = 685*n + 560. Calculate the remainder when 2799 is divided by n.
79
What is the remainder when ((-6)/21)/(7/(-16072)) is divided by 44?
40
Suppose 4*h = s + 18 - 108, 3*s - 355 = -5*h. Calculate the remainder when 3626 is divided by s.
106
Let o = 263 - 52. Let r = o + -197. What is the remainder when r is divided by 1?
0
Let r(i) = 11*i**2 + 3*i + i**3 - 11 + 12 - 2*i**2. Let h(g) = -g - 5. Let z be h(3). What is the remainder when r(z) is divided by 11?
8
Suppose -3*r - r + 236 = 4*x, -r + 59 = -2*x. What is the remainder when 292 is divided by r?
56
Let l = 8789 + -8768. Let f(k) = 3*k**2 - k - 3. Calculate the remainder when f(4) is divided by l.
20
What is the remainder when 265 is divided by (-70)/(-2 + 7) + 70?
41
Suppose -4*u + 8 = 0, -u = 2698*i - 2696*i - 216. What is the remainder when 654 is divided by i?
12
Suppose 83*x - 8118 = -x + 18*x. What is the remainder when 1105 is divided by x?
121
Let l = -3358 - -3362. Suppose 0 = -5*u - 1 - 39. Let j(z) = -z - 1. Calculate the remainder when j(u) is divided by l.
3
Suppose 366 = 9*u - 282. Suppose -4*n - 188 = -3*l, -3*l + 5*n + u = -121. Let p(i) = -i**2 - 10*i - 2. What is the remainder when l is divided by p(-7)?
18
Suppose -5*n - 4*m = -794, 2 = -2*m + 4. Suppose 0 = -4*h - 2*j + 20, h + 276*j - 272*j + 2 = 0. Calculate the remainder when n is divided by h.
2
What is the remainder when 3302 is divided by -4*((-11)/4 + 1)?
5
Let w = 2557 + -2545. Suppose -13*s = 98 - 696. What is the remainder when s is divided by w?
10
Let l = -71 - -80. Let j(y) = -y + l + 13*y - 6*y - 9*y. What is the remainder when j(-9) is divided by 13?
10
Suppose 8*o - 52 = 3*o + c, -2*o = 5*c + 17. Calculate the remainder when 2573 is divided by o.
8
Suppose t - 6*t - 51 = 2*v, -2*v - 24 = 2*t. What is the remainder when 965 is divided by -1*t/((-72)/(-704))?
85
Let a be (1*4)/(22/(-88)). Let l be (a/(-6))/(20/30). Suppose 3*z + 1 = -11, -2*r + l = z. What is the remainder when 5 is divided by r?
1
Suppose -v = -5*v + 4*g + 52, 5*g = -25. Let s(o) = 2*o + 14. Let x be (-39)/7 + (-4)/(-7). What is the remainder when v is divided by s(x)?
0
Suppose -5*m = 3*b - 17, 0 = 2*b + 6*m - 2*m - 10. Suppose 3*n - 1260 = -b*n. Suppose -3 - 69 = -4*u. What is the remainder when n is divided by u?
15
Let j(q) = -2*q**2 + q + 12. Let d be j(4). What is the remainder when 168/4 + (-16)/d is divided by 13?
4
Let n(z) be the third derivative of z**6/120 + z**5/6 + z**4/3 - 7*z**3 + 2*z**2 - 48*z. What is the remainder when 239 is divided by n(-8)?
19
Let x = 13 + -11. Suppose -2*w - 2*q = -94, 28 + 56 = x*w + 4*q. What is the remainder when 310 is divided by w?
50
Suppose 83*y + 10*y = 18*y + 8925. What is the remainder when y is divided by 11?
9
Suppose 0 = 5*j + 18*k - 13*k - 255, j + 4*k - 63 = 0. Calculate the remainder when 3194 is divided by j.
45
Suppose -2*f = 2*u - 22, 15*u + 5*f + 65 = 18*u. What is the remainder when 2 - 6 - 1071/(-7) is divided by u?
14
Let j(t) = t**3 - 6*t**2 - 7. Let z be j(7). Let p = -54 + z. Let r = 23 - p. Calculate the remainder when r is divided by 9.
8
Let z = 160 + -219. Let t = 108 - z. What is the remainder when t is divided by 51?
14
Calculate the remainder when 717/3 - (4 + (-15 - -6)) is divided by 230.
14
Let k = -18848 + 19158. What is the remainder when k is divided by 168?
142
Let o(f) = 120*f - 13580. Calculate the remainder when o(132) is divided by 559.
24
Let z(f) = -49 + 20 + 18 - 31*f. What is the remainder when z(-4) is divided by 60?
53
Calculate the remainder when 3886 is divided by 432/3*-7*2/(-42).
46
Suppose 125*b - 77627 - 10873 = 0. Calculate the remainder when b is divided by 234.
6
Suppose 788*n - 3401 = 769*n. Calculate the remainder when 549 is divided by n.
12
Calculate the remainder when (34989/20 + 7/(-28))*(-420)/(-168) is divided by 22.
17
Suppose 4*o + 4*z = 12, -3*o - z = 4*z - 19. Let s be (-708)/30 - ((-42)/(-15))/7. What is the remainder when s/(-4)*o/(-4) is divided by 1?
0
Let p(i) = 8*i**2 + 82*i - 14. Calculate the remainder when 189 is divided by p(-11).
33
Suppose 24 - 29 = -f - 5*y, 0 = -3*f - 5*y + 35. Calculate the remainder when 199 is divided by f.
4
Suppose 2*x - 287 - 109 = -2*w, -5*x + 950 = -3*w. Suppose -12*h + 35 = -7*h. What is the remainder when x is divided by h?
4
Suppose 714*l - 8173 = 3251. Calculate the remaind